ate the greatest common factor of w and a.
6
Suppose 0 = l + 3*l + 3*g - 9, 3*l = 2*g + 11. Suppose 1 = -l*p + 46. Calculate the highest common divisor of p and 15.
15
Let s = 316 + -310. Let a(t) = t**2 + 10 + 0*t**2 - 5*t + 0*t**2. Let x be a(s). What is the highest common divisor of 8 and x?
8
Let v = -11 - -13. Let a be (-1 - -11)*4/10. Suppose 5*i = r + 107, a*i + v*r - 73 = 7. What is the highest common factor of i and 42?
21
Suppose 224*g - 218*g = 108. Calculate the greatest common factor of 270 and g.
18
Let c = 19 - 20. Let r be (24 - 39)*c*(1 + 0). Let w(v) = -5*v**3 - v**2 - 3*v. Let j be w(-3). Calculate the greatest common divisor of r and j.
15
Let u(s) = 3*s + 64. Let x be u(-20). Suppose -582 = -4*c - f + 371, c - x*f - 234 = 0. Calculate the highest common factor of 14 and c.
14
Let n(s) = -s**3 - 10*s**2 + 9*s - 5. Let j be n(-11). Calculate the highest common divisor of j and 153.
17
Let v be 7289/(-111) + (1/(-3) - 0). Let n = 60 - v. Let w = -22 + 36. What is the greatest common factor of w and n?
14
Suppose 7*l - 295 = 48. What is the highest common factor of l and 63?
7
Let o(j) = -15*j - 5. Let h be o(-4). Suppose 8*g - 100 = 4*g. Suppose 5*x - h - g = 0. What is the greatest common divisor of 40 and x?
8
Suppose 30*c - 4*c - 364 = 0. What is the greatest common divisor of c and 252?
14
Suppose 5*s = 63 + 32. Let h = s - 12. Let l = -7 - -42. What is the highest common factor of l and h?
7
Suppose 0 = -3*o - 4*s + 1611, 0 = -o + 3*s - 6*s + 542. Calculate the greatest common factor of 13 and o.
13
Let t(j) = j - 2 + j + 10 + 6*j**2 - 5*j**2. Let g be t(0). What is the greatest common factor of 28 and g?
4
Suppose -6 = -4*r - k, 4*r + 3*k = 2*r - 2. Suppose 5*i - 175 = -r*i. What is the greatest common divisor of 10 and i?
5
Let z be 18/(-7)*14/(-3). What is the greatest common divisor of 16 and z?
4
Suppose -5*p = 4*z - 640, -z - 4*z = 4*p - 512. Calculate the greatest common divisor of p and 48.
16
Let x(k) = k**2 - 12*k + 72. Let t be x(0). Calculate the greatest common factor of 16 and t.
8
Suppose -2*t = -0*t - o + 25, -5 = 2*t + 3*o. Let x be t/(-15)*(-9)/(-12)*50. Suppose 225 = 2*a + a. What is the greatest common divisor of a and x?
25
Let l = -293 - -401. What is the greatest common divisor of 81 and l?
27
Let o(g) = -g**2 - 5*g + 1. Let f be o(-4). Let y = f + 21. Calculate the highest common factor of y and 65.
13
Let y be 30/4*(-32)/(-20). Let j(u) = -3*u**3 + 19*u**2 + 3*u - 24. Let d be j(6). Calculate the greatest common factor of y and d.
6
Let k be (-3 + 0 - -2)*11. Let u = k + 14. Suppose -8*m + 225 = -u*m. Calculate the highest common factor of m and 5.
5
Let u(g) = -g**3 + 16*g**2 - 56*g - 13. Let h be u(6). What is the greatest common factor of 6 and h?
1
Suppose -2*h - 2925 = -15*h. What is the highest common divisor of h and 5?
5
Suppose -38*y + 260 = -25*y. What is the highest common divisor of y and 370?
10
Let h be 29 - (-1 - -1 - 1). Suppose 0 = o - 34 + 44. Let s(b) = b**2 - 5*b. Let d be s(o). Calculate the highest common divisor of h and d.
30
Let f be (-4)/5 + 8090/50. What is the highest common divisor of f and 7?
7
Suppose -4*f + 30 = 5*y, -3*f - 23 - 7 = -5*y. Let o be 3 + 8 + -3 + 2. Calculate the highest common divisor of o and y.
2
Let o(p) = 28*p - 337. Let b be o(13). Calculate the highest common divisor of 15 and b.
3
Suppose -3*i - 4*c - 176 = -4*i, 4*i = -5*c + 725. Calculate the greatest common divisor of i and 20.
20
Suppose -5*t = -157 + 22. Suppose -8*j + t = -7*j. What is the highest common divisor of 135 and j?
27
Suppose i + 12 = 5*g - 14, -4*g + 25 = -5*i. Suppose g*p - 490 = -0*p. Suppose -17*r + 19*r = 28. Calculate the highest common divisor of r and p.
14
Let m = -72 - -108. Calculate the highest common factor of 24 and m.
12
Suppose 2*w = 4*g + 152, 2*g - 3*g - 4 = 0. Suppose -2*c + w = -202. Let t(h) = -5*h - 5. Let y be t(-4). Calculate the greatest common divisor of y and c.
15
Let m = -163 - -277. Let q = 273 + m. What is the highest common factor of q and 43?
43
Let b(n) = -6*n + 51. Let j be b(0). Let h = 56 - j. What is the highest common factor of h and 10?
5
Let a = 612 - 404. Let j = 36 + -10. What is the highest common factor of a and j?
26
Let p(c) = c**3 + c**2 + 2*c + 2. Let n be p(-2). Let m be (-1)/n + 42/(-36). Let x = 20 - m. What is the greatest common factor of 21 and x?
21
Suppose 0 = 5*q - 98 - 42. Let u = -13 - -34. Calculate the highest common divisor of q and u.
7
Let c(v) = 35*v - 297. Let s be c(10). Calculate the greatest common factor of s and 2491.
53
Let w = -267 - -321. What is the highest common divisor of w and 18?
18
Let n(s) = 7*s**2 + 3*s + 2. Let l be n(-2). Suppose -l*k + 26*k - 170 = 0. Calculate the greatest common factor of k and 51.
17
Let h = 234 + -25. Suppose 0 = -4*u + x + h, -21 = 2*u - 5*x - 130. Calculate the greatest common factor of 13 and u.
13
Let b be ((-6)/(-4))/(6/156 - 0). Calculate the highest common divisor of b and 416.
13
Suppose 2*v - 3*v = 4*m - 675, -670 = -4*m - 2*v. Let l be m/8 + (-2)/8. Suppose 7*j - 125 = 22. Calculate the greatest common factor of j and l.
21
Let d = -26 + 22. Let a be 2/d*2*-33. What is the highest common factor of a and 22?
11
Let s = -51 - -63. Let m be 8/12 + 124/s. What is the highest common divisor of m and 33?
11
Suppose -3*d + 69 = j, -4*j + 204 + 51 = 5*d. Let i be ((-1)/1 + 0)*1. Let v be 2/i*(-3 + -3). What is the highest common divisor of v and j?
12
Let u = 48 + -24. Let j be ((-18)/(-15))/((-12)/(-40)). Suppose c = -j + u. Calculate the greatest common factor of 5 and c.
5
Let k = -108 - -126. What is the greatest common divisor of k and 540?
18
Let h = -28 + 16. Let n be (-1 + h/4)*1. Let p be 57/12 + (-1)/n. Calculate the greatest common divisor of p and 45.
5
Let l be 10/(-4)*1*2*-11. What is the greatest common divisor of l and 44?
11
Let y = -17 + -2. Let c(q) = -q**2 - 19*q + 3. Let v be c(y). What is the highest common divisor of v and 15?
3
Let p(s) = -3*s**2 + 54*s - 9. Let q be p(8). What is the highest common divisor of 147 and q?
21
Suppose -32 = -3*o - 5*l - 10, -4*o + 5*l = -6. Let i(p) = -p + 1. Let s be i(o). Let g be 4/(12/135) + s. Calculate the greatest common factor of 6 and g.
6
Let o be (-4386)/(-9) + 6/9. Calculate the greatest common factor of 8 and o.
8
Let x be (-27)/2*(-16)/3. What is the greatest common divisor of 8 and x?
8
Suppose -7*v + 2*v = -160. Let r(t) = t**3 + 5*t**2 - 7*t - 6. Let p be r(-6). Suppose p*o - 5*o + 40 = 0. What is the highest common divisor of v and o?
8
Let w(i) = -5*i**2 - 67*i + 19. Let v be w(-13). Let s = -7 - -12. What is the greatest common divisor of v and s?
5
Let n = 418 + -26. Calculate the highest common factor of n and 147.
49
Suppose -2232*h + 76 = -2213*h. Let x be 40*1 - 2 - 2. What is the greatest common divisor of h and x?
4
Let d be (120/(-28))/(15/(-70)). Let g = d - 17. Suppose 0 = -2*r + r + 4*j + 34, -g*r = -j - 47. Calculate the greatest common factor of r and 154.
14
Let f be (-3)/(15/(-12) + 2). Let u be -790 - (2 - (-12)/f). Let x be u/(-3) + 1 + 0. What is the greatest common factor of x and 24?
24
Let p(d) = -3*d + 14. Let k be p(-14). Suppose 5*u = -3*a + 92, 0 = -4*u + 2*a - 0*a + k. Calculate the highest common factor of u and 8.
8
Let b be -315*-4*(-1)/(-10). Calculate the highest common factor of 54 and b.
18
Let f(g) = g**3 - g**2 + 2*g. Let i be f(3). Let q = -1804 - -1828. What is the highest common factor of q and i?
24
Suppose 3*h - 6*h = -18. Let t be (h/8)/((-2)/(-24)). Suppose -6*l + 124 = -38. What is the highest common factor of t and l?
9
Suppose 2*n = -4 - 2, 5*n + 6 = -3*t. Suppose t*l - 94 = -2*j + 17, l - 247 = -4*j. Calculate the highest common divisor of 9 and j.
9
Let v(l) = l + 2*l - 2*l - 27. Let n be v(14). Let c = n - -15. Calculate the highest common factor of 5 and c.
1
Suppose p - 32 = -2*i, 5*i = 4*p + 2*i - 150. Calculate the highest common factor of p and 60.
12
Let h be -57 - 9/3*-1. Let a be (2/3)/((-9)/h). Let z(p) = -p**3 + 6*p**2 - 5*p - 2. Let r be z(4). What is the greatest common divisor of a and r?
2
Let j = 1335 - 1296. What is the highest common factor of j and 858?
39
Let o = 89 - 40. Let c = 83 - o. Suppose 27 = 3*z - 4*j + j, -4*z + 3*